 + 12. Let g(x) = -12*x + 8. Let p(h) = -6*g(h) + 5*t(h). Suppose 0 = n - 4 - 2. What is the tens digit of p(n)?
8
Suppose 2*v = 17*v - 29895. Suppose 5*p = -t + v, 4*p - 1381 = 3*t + 202. What is the units digit of p?
8
Let q be (-12)/15 + (-27592)/(-40). Suppose 947 + q = 4*h. What is the tens digit of h?
0
What is the tens digit of (-2)/(-4)*(7300 + -318)?
9
Let j(f) = -13*f**3 + f**2 - 5*f + 6. Let r be j(-3). Let u = -131 + r. What is the tens digit of u?
5
Suppose -2*p = 16 - 48. Suppose 88 = 2*v - 4*l, -2*v + 2*l + 72 + p = 0. What is the units digit of v?
4
Let l(t) = 8*t**2 + 19*t - 44. Let x(h) = 2*h**2 + 5*h - 11. Let a(u) = -2*l(u) + 9*x(u). Let y be a(-6). Let s = 14 + y. What is the tens digit of s?
3
Let l(p) = 98*p**2 - 15*p - 88. What is the thousands digit of l(-4)?
1
Let k(j) = 34*j + 39*j - 26*j + 9 + 22*j**2 + 22*j. What is the hundreds digit of k(-7)?
6
Let x = -1238 + 2395. Suppose -2*f - 5*u + x = 0, 5*u - 136 - 455 = -f. What is the units digit of f?
6
Suppose -i + 3*g + 36 + 0 = 0, 204 = 5*i - 3*g. Suppose 0 = -i*u + 25209 + 39093. What is the units digit of u?
1
Let a(b) = 31*b - 58. Let o be a(-27). Let y = -521 - o. What is the tens digit of y?
7
Suppose -3*d = -7*d + 176. Let k(n) = 10*n**2 - 5*n - 1. Let b be k(-5). Suppose -d = 5*f - b. What is the units digit of f?
6
Let g(n) = -n**3 - 25*n**2 - 42*n + 78. Let d be 56/(-2) - (-9 + (-50)/(-10)). What is the hundreds digit of g(d)?
5
Suppose 6*o = 15808 - 1984. Suppose -13*v = -o - 998. What is the hundreds digit of v?
2
Suppose -2*f = 4*y - 12876, -y = -18*f + 16*f - 3229. What is the tens digit of y?
2
Suppose 10*f - 22*f + 132 = 0. What is the units digit of 2521/f + (-2)/11?
9
Let g = 19648 + 29472. What is the units digit of g?
0
Let g(h) = 196*h**3 - 2*h**2 + 1. Let y be g(1). Suppose -y*d + 199*d = 520. What is the hundreds digit of d?
1
Suppose -540*c = -542*c - 10. What is the units digit of 6 - (c + 11 - 1940)?
0
Let q = 11 + 28. Let s be (-130)/q*(-3)/2. Suppose s*y - 426 = -46. What is the tens digit of y?
7
Let o be 242/55 - (-4)/(-10). Suppose -o*c + 3*c = -65. Let v = c - -47. What is the hundreds digit of v?
1
Let n(g) be the first derivative of -561*g**4/2 + 2*g**3/3 + g**2/2 - 2*g - 57. What is the hundreds digit of n(-1)?
1
Let g(f) = 20*f - 25. Let c be g(6). Suppose -a = 18 - 27. What is the units digit of -1*c/(-15)*a?
7
Let l(n) = 8*n**2 + 2*n - 30. Let d be l(11). Let a = d + -643. What is the hundreds digit of a?
3
Let r = 1720 + 2915. What is the hundreds digit of r?
6
Let x(a) = 5*a**2 + 3*a + 1. Let l be x(-3). Let u be (-8)/(-28) - (285/(-7) - -8). Let s = l - u. What is the units digit of s?
4
Let u(s) = 418*s + 3337. What is the hundreds digit of u(10)?
5
Suppose -25030*t = -25024*t - 216786. What is the units digit of t?
1
Let i(u) = -4627*u + 2208. What is the thousands digit of i(-3)?
6
Let n = 463 - 225. Let r = 415 - n. What is the hundreds digit of r?
1
Suppose -39*p + 44*p = 20. Suppose s + 3*z = 131 - 7, 5*z = p*s - 513. What is the units digit of s?
7
Suppose -7*m + 4*m + 69 = 0. Suppose 0 = 8*d - m - 25. What is the units digit of (d - (0 + 5)) + 61?
2
Suppose -15 - 84 = 3*l. Let o = l - -147. What is the tens digit of o?
1
Suppose x = 4563 + 1736. What is the tens digit of x?
9
Let c(q) = 48*q**2 + 14*q - 31. What is the thousands digit of c(11)?
5
Let x = 156 - 86. Let a be (-30)/x + (-4966)/(-7). Suppose -a + 223 = -2*i. What is the hundreds digit of i?
2
Let z(f) = 10*f**2 + f + 4. Let m be 1*(1 + (-6 - -2)). What is the tens digit of z(m)?
9
Suppose 237 = -3*f + 3*i, 2*i = 5*f - 4*f + 74. Let h be (896/f)/((-4)/66). Suppose -5*g + g + h = 0. What is the tens digit of g?
4
Let x(q) = 14*q**2 - 624*q - 72. What is the hundreds digit of x(67)?
9
Suppose 123 = 30*o - 27*o. Suppose y = -37 + o. Suppose -3*j = 4*m - 216, -5*j + 0*j + y*m = -392. What is the tens digit of j?
7
Let j = 429 - 402. Let w(t) = 2*t**2 - 21*t - 121. What is the hundreds digit of w(j)?
7
Suppose 5*a = -4*i + 12, 32*a + 15 = 33*a + 5*i. Suppose 4*r + 173 = 5*p, 4*p - 154 = -a*p - 2*r. What is the tens digit of p?
3
Suppose -18*m + 2892 = -15*m - 2*d, -5*m + 4824 = -4*d. What is the hundreds digit of m?
9
Let x(l) = 0*l**3 + l**3 + 1 - 6 - 5*l**2 - l. Let r(o) = -o**2 - 19*o - 81. Let w be r(-11). What is the tens digit of x(w)?
8
Let f = 562 + -702. What is the units digit of (-30)/21 + 1 - 71040/f?
7
Let v(x) = x**3 + 3*x**2 - 4*x + 7. Let s be v(-4). Let p be (-10)/((-21)/s + 2/2). What is the hundreds digit of ((-324)/(-20) - -4)/(1/p)?
1
Suppose -76*o = 4*i - 77*o - 31782, 0 = -i - 4*o + 7920. What is the units digit of i?
4
What is the hundreds digit of (-430373)/(-93) + (-10)/6?
6
Let j = 452 - 455. What is the tens digit of 679/j*(11 + -14)?
7
Suppose -10*s + 11*s - 5 = 0. Suppose v + b - 37 = 0, -4*b - 177 = -s*v - b. What is the units digit of -1*v*4*(-4)/24?
4
Suppose -5*c + c = -764. Suppose s - c = 28. What is the units digit of s?
9
Let u be (-30 + -1)/(1/(-25)). Let j(n) = -69*n - 5. Let z be j(-4). Suppose -4*f - z = -u. What is the hundreds digit of f?
1
Suppose -484*k + 505*k = 648228. What is the ten thousands digit of k?
3
Suppose -5*o = -4*m - 180354, 2*o - m - 20440 - 51701 = 0. What is the ten thousands digit of o?
3
Suppose -220*t = -269*t + 1453585. What is the ten thousands digit of t?
2
Suppose 2*y = r + 8879, -3*y - r + 2*r + 13321 = 0. What is the tens digit of y?
4
Suppose 11 = -m - 3*g, m + 2*g + 6 = -0*m. What is the units digit of (-539 - -2)*(-4)/m?
7
Let n = 7 - 12. Let h(c) = -26*c + 2. Let u(l) = 27*l - 2. Let j(o) = 5*h(o) + 4*u(o). What is the units digit of j(n)?
2
Suppose 4*x - 25608 - 35588 = -4*t, -30586 = -2*x - 5*t. What is the thousands digit of x?
5
Suppose 4*d - 56 = -5*u, -u = -4*d + 41 - 9. Suppose -4*p = -5*a - 5095, -4*p = -d*p + a + 6374. What is the thousands digit of p?
1
Suppose -5*i = 2*i + 301. Let l = i + 41. What is the units digit of (-238)/(-4) - l - 5/(-10)?
2
Let x(h) = -h**3 + 26*h**2 - 13*h - 73. Let w = -947 - -969. What is the hundreds digit of x(w)?
5
Let m be 2/(-7) + (-23)/(-7). Suppose -7*c + 1568 = -m*c. What is the units digit of c?
2
Let k = 1648 + 697. What is the tens digit of k?
4
Let p(z) = -z**3 - 6*z**2 + 7*z + 7. Let m = 102 - 100. Suppose f + 3*u = m*f + 20, 5*f + 28 = -3*u. What is the tens digit of p(f)?
7
Suppose -16 = v - 4*d, d - 14 = -v - 5. Suppose -2*q + 6 = -3*i, v*q - 2*i + 1 = 5. What is the hundreds digit of 1/1 + (q - (-148 + 2))?
1
Suppose -54 = -2*o + 4*y, 0 = 2*o - 3*y + 4*y - 69. Suppose o*h = 26*h + 14588. What is the units digit of h?
4
Suppose -85522 - 118974 = -16*r. What is the ten thousands digit of r?
1
Let n(l) = -l**2 - 19*l + 83. Let b be n(15). Let i = 1128 - b. What is the tens digit of i?
5
Suppose -2*t - 3 = -3*d, 11*t - 4*d = 7*t - 12. What is the tens digit of 371 + (t - 0) + 4?
6
Suppose 0 = -6*s + 11 + 13. Suppose s*b - 6*b = 20. Let q = b + 56. What is the tens digit of q?
4
Suppose -s + 2*l = -14 - 7, 0 = -s - 4*l + 3. Suppose 9*n + s + 30 = 0. Let y(i) = -2*i**3 - 3*i**2 + 11*i - 1. What is the hundreds digit of y(n)?
1
Suppose 5*m - 5*a = -145, -43*m - 2*a + 118 = -47*m. Let o(j) = -20*j + 205. What is the hundreds digit of o(m)?
8
Let z(o) = 3*o**2 - o - 4. Let j be z(-3). Suppose -2*y + 3*y + 3*k + 19 = 0, -4*k = 5*y + 40. What is the tens digit of ((-42)/y)/(13/j)?
2
Suppose -6*n - 5 = -10*n - 3*g, 40 = 4*n - 4*g. Suppose 0*l - p + 1 = l, -n*l - 2*p - 1 = 0. What is the units digit of (l/(-1))/(4/772)?
3
Suppose -4758 = 14*g - 117850. What is the hundreds digit of g?
0
Let u be 197/(-6) - (22/(-12))/(-11). Let s = 385 - u. What is the hundreds digit of s?
4
Let a(r) = 715*r - 3078. What is the tens digit of a(20)?
2
Let j(q) be the first derivative of 14*q**3/3 + 35*q**2/2 - 159*q - 57. What is the hundreds digit of j(6)?
5
Suppose 0 = 137*m - 39*m - 1686678. What is the units digit of m?
1
Let f = -1066 + 10901. What is the tens digit of f?
3
Suppose 2*o - 8153 = -256*k + 257*k, 0 = -2*o - k + 8143. What is the hundreds digit of o?
0
Suppose 3*x = 5*x + 5*q, 5*q = -3*x + 5. Suppose -5*k = -5*r - 625, -x*k = -3*r + 64 - 687. What is the units digit of k?
4
Let h be 132*((3 - 0) + 7320/96). Suppose 0 = 159*z - 170*z + h. Wh